
3
What is the units digit of 353204411?
1
What is the hundred thousands digit of 2120738369?
7
What is the hundreds digit of 7007906161?
1
What is the millions digit of 2575800489?
5
What is the thousands digit of 2880014373?
4
What is the hundred thousands digit of 92708377?
7
What is the hundred millions digit of 109227832?
1
What is the hundreds digit of 2497398104?
1
What is the thousands digit of 106471166?
1
What is the ten millions digit of 581612800?
8
What is the hundred millions digit of 873496352?
8
What is the tens digit of 179168636?
3
What is the ten thousands digit of 792231712?
3
What is the tens digit of 35404770?
7
What is the units digit of 37762576?
6
What is the tens digit of 2716169381?
8
What is the units digit of 3936018?
8
What is the millions digit of 3998990538?
8
What is the units digit of 29749960?
0
What is the millions digit of 310220297?
0
What is the thousands digit of 1581432446?
2
What is the tens digit of 48161705?
0
What is the units digit of 97609600?
0
What is the millions digit of 44662097?
4
What is the billions digit of 3176314385?
3
What is the hundred millions digit of 131979274?
1
What is the hundreds digit of 1520812347?
3
What is the ten millions digit of 509027910?
0
What is the ten thousands digit of 27804029?
0
What is the hundreds digit of 19398785?
7
What is the millions digit of 2352877310?
2
What is the tens digit of 54858343?
4
What is the ten millions digit of 10317740?
1
What is the millions digit of 327450998?
7
What is the hundred millions digit of 403704749?
4
What is the ten millions digit of 12053200?
1
What is the millions digit of 5756671303?
6
What is the hundreds digit of 134171394?
3
What is the hundred thousands digit of 1051549540?
5
What is the hundred thousands digit of 446270353?
2
What is the tens digit of 392161157?
5
What is the thousands digit of 152320471?
0
What is the units digit of 235391578?
8
What is the ten thousands digit of 92999341?
9
What is the ten millions digit of 5902526981?
0
What is the hundred millions digit of 1233561987?
2
What is the hundred thousands digit of 359338814?
3
What is the hundred millions digit of 387936338?
3
What is the units digit of 406689432?
2
What is the millions digit of 10462389?
0
What is the hundreds digit of 106100574?
5
What is the ten millions digit of 41582133?
4
What is the ten millions digit of 123249668?
2
What is the hundred thousands digit of 11621595?
6
What is the millions digit of 1036888357?
6
What is the ten thousands digit of 5177106679?
0
What is the thousands digit of 464906479?
6
What is the hundred millions digit of 159806581?
1
What is the units digit of 21173501?
1
What is the millions digit of 640373421?
0
What is the millions digit of 23980020?
3
What is the ten thousands digit of 11937563?
3
What is the hundred thousands digit of 280559360?
5
What is the ten millions digit of 40021204?
4
What is the millions digit of 77969291?
7
What is the thousands digit of 33994668?
4
What is the ten millions digit of 153137411?
5
What is the tens digit of 104828422?
2
What is the units digit of 2547950835?
5
What is the ten millions digit of 300833246?
0
What is the thousands digit of 83151716?
1
What is the ten millions digit of 100868935?
0
What is the millions digit of 2287118433?
7
What is the tens digit of 341145941?
4
What is the hundreds digit of 3209990995?
9
What is the millions digit of 147192894?
7
What is the tens digit of 91185195?
9
What is the tens digit of 1242737229?
2
What is the units digit of 121420042?
2
What is the millions digit of 211208237?
1
What is the units digit of 59604312?
2
What is the units digit of 102544454?
4
What is the ten millions digit of 6008554106?
0
What is the thousands digit of 129659298?
9
What is the units digit of 7601226?
6
What is the tens digit of 1359100498?
9
What is the ten thousands digit of 2661907872?
0
What is the hundreds digit of 74347793?
7
What is the ten thousands digit of 217546115?
4
What is the thousands digit of 79229607?
9
What is the hundred thousands digit of 78505796?
5
What is the hundreds digit of 1784155798?
7
What is the hundreds digit of 226271447?
4
What is the hundreds digit of 2151714931?
9
What is the millions digit of 1693091153?
3
What is the thousands digit of 3679881494?
1
What is the thousands digit of 5436443492?
3
What is the hundred thousands digit of 5072651097?
6
What is the hundred thousands digit of 440651620?
6
What is the hundred thousands digit of 13221581?
2
What is the hundreds digit of 4340069?
0
What is the hundred millions digit of 581900732?
5
What is the ten thousands digit of 2488869322?
6
What is the millions digit of 1937772261?
7
What is the units digit of 1252368657?
7
What is the units digit of 60754484?
4
What is the thousands digit of 1267476372?
6
What is the ten thousands digit of 62700672?
0
What is the ten millions digit of 119929503?
1
What is the millions digit of 518351932?
8
What is the tens digit of 4575909528?
2
What is the hundreds digit of 16751746?
7
What is the billions digit of 1049852303?
1
What is the thousands digit of 208775745?
5
What is the units digit of 92943044?
4
What is the hundred thousands digit of 82436138?
4
What is the units digit of 3473526?
6
What is the hundred thousands digit of 82748328?
7
What is the ten millions digit of 789488341?
8
What is the hundred millions digit of 1707743458?
7
What is the billions digit of 1111922045?
1
What is the tens digit of 191893872?
7
What is the billions digit of 6101335884?
6
What is the hundred thousands digit of 206174936?
1
What is the thousands digit of 1096252577?
2
What is the thousands digit of 75944032?
4
What is the ten thousands digit of 4134466128?
6
What is the units digit of 356285467?
7
What is the tens digit of 323768606?
0
What is the hundreds digit of 924897516?
5
What is the thousands digit of 1664772?
4
What is the millions digit of 3506769?
3
What is the ten thousands digit of 30476496?
7
What is the hundreds digit of 91358841?
8
What is the thousands digit of 141296155?
6
What is the tens digit of 36479715?
1
What is the ten thousands digit of 1834911359?
1
What is the thousands digit of 105345176?
5
What is the ten thousands digit of 857148785?
4
What is the hundreds digit of 991629909?
9
What is the hundreds digit of 1379712430?
4
What is the millions digit of 57285880?
7
What is the tens digit of 35757778?
7
What is the ten thousands digit of 237912715?
1
What is the millions digit of 801240515?
1
What is the millions digit of 195288790?
5
What is the ten thousands digit of 131249269?
4
What is the hundred millions digit of 5543485597?
5
What is the ten thousands digit of 1935526545?
2
What is the units digit of 4941470?
0
What is the units digit of 32184982?
2
What is the hundred millions digit of 372629539?
3
What is the ten thousands digit of 23272117?
7
What is the units digit of 107703596?
6
What is the hundreds digit of 100704997?
9
What is the ten thousands digit of 58130493?
3
What is the tens digit of 76534144?
4
What is the units digit of 131171861?
1
What is the tens digit of 44500281?
8
What is the hundred thousands digit of 1939126014?
1
What is the ten millions digit of 294164742?
9
What is the ten thousands digit of 3835565614?
6
What is the ten thousands digit of 351398678?
9
What is the units digit of 446818518?
8
What is the thousands digit of 8010638?
0
What is the hundred thousands digit of 1330540031?
5
What is the hundreds digit of 68931910?
9
What is the hundred thousands digit of 48817498?
8
What is the tens digit of 80224682?
8
What is the tens digit of 51424986?
8
What is the hundred millions digit of 6895483709?
8
What is the hundred thousands digit of 200398821?
3
What is the hundred thousands digit of 3199738?
1
What is the tens digit of 169801553?
5
What is the ten millions digit of 1358622330?
5
What is the thousands digit of 87087352?
7
What is the tens digit of 8338607245?
4
What is the ten thousands digit of 93812519?
1
What is the units digit of 587944077?
7
What is the ten thousands digit of 59961167?
6
What is the units digit of 368320216?
6
What is the ten thousands digit of 27643654?
4
What is the ten millions digit of 27416715?
2
What is the hundred thousands digit o